 of (-3 - -5) + 9 - 8 - 10?
-7
What is (22 - 29 - (-12 + (1 - 2))) + -6?
0
Calculate 2 + -1 + 1 + 7.
9
(-39 - -44) + -34 - (1 - 7)
-23
What is 4 + (2 - 17 - (-34 - -31))?
-8
What is the value of -25 - (12 + (11 - 32))?
-16
Evaluate (-13 - (9 + -8)) + 8 + 16.
10
What is the value of (-6 - (-7 - 3)) + 7 + 5?
16
What is the value of 15 + (-24 - (-13 - 0) - 1)?
3
Evaluate 11 + (1 + -16 - (14 - 14)).
-4
Evaluate -16 + (25 - 9 - -1).
1
What is -13 + -13 + 36 + -5?
5
What is the value of 6 - 1 - -5 - (-2 - 0 - 0)?
12
Evaluate (2 + -5 - 8) + (-93 - -98).
-6
Calculate -2 - (2 + -3 + -7) - (2 - -14).
-10
What is -32 + 18 - -28 - 2?
12
What is the value of 36 - 25 - (3 + 0)?
8
Evaluate (-1 - -16) + 5 + -14.
6
Evaluate (-4 - -6) + 5 + 9 + -5 + -44.
-33
Evaluate (-2 - 3) + 16 + 1.
12
What is the value of (1 - -1) + -25 + (5 + 6 - 3)?
-15
What is the value of 5 + (-3 - (-3 + -7))?
12
What is the value of -1 - -3 - ((-28 - -42) + -5 + 2)?
-9
Evaluate 8 - (1 - (-2 - -9) - -6).
8
(-5 - -1 - 0) + 8 - (9 - 1)
-4
Evaluate -1 + -1 + (2 - 3 - (13 + -7)).
-9
What is the value of 20 - (4 + 28 - 22)?
10
What is (6 - (-3 + 4)) + 25 + -21 + -12?
-3
What is -7 - (7 + (-4 - -4) + 27 + -26)?
-15
What is the value of -3 + 13 + -8 + -1 - -7?
8
What is the value of (22 - (-61 - -68)) + (13 - -1)?
29
3 + (-10 + 20 - 19)
-6
What is 11 + -55 - -41 - -44?
41
Calculate 4 - (7 - (-12 - -23) - -8 - 3).
3
Evaluate 0 + 1 - (-11 + -5 - -16).
1
Calculate 7 + -7 + 4 - -1 - (14 - 5).
-4
Evaluate (-74 - -78) + 2 + 3.
9
Evaluate 20 + 19 + -79 - -62.
22
Calculate -8 + 3 + (0 - (1 + 3)).
-9
Calculate 149 + -170 + 22 + 0.
1
-19 - -10 - -5 - 21
-25
(-10 - (7 - 9)) + 6 + 3
1
(-1 - 9) + (10 - 0) + -2 - -1
-1
Evaluate -7 - (0 - 0 - (0 + -2) - 6).
-3
-61 - -27 - 27 - -34
-27
Calculate (-51 - -45) + 11 + 14 + -7.
12
What is 3 - (-28 + -10 - -34)?
7
Calculate 45 - ((18 - 6) + -7 + 10).
30
What is the value of -11 + 1 + -2 + (-2 - 8 - -11)?
-11
Evaluate (130 - 133) + (3 - 9 - -3).
-6
What is 70 + -72 - (4 + (0 - -3 - 5))?
-4
Evaluate (3 - 3 - -1) + (-16 - -9 - 4).
-10
-2 - 43 - (-12 + (28 - 5) - 22)
-34
Calculate (-7 - -8 - 9) + 48 - 10.
30
What is -98 + 60 + 36 + (-12 - (2 - 0))?
-16
6 - (-13 - -7 - -4 - -8)
0
Calculate (-2 - 3) + (-25 + 37 - (4 - 1)).
4
What is (-7 - -7) + -16 - -25 - (6 + 2)?
1
Evaluate -182 + 166 - (-1 + (-2 - -4) - -5).
-22
What is (10 - 10 - 10) + 44?
34
Calculate (-3 - 52) + 506 + -482.
-31
8 - 18 - (8 - (5 + 4 + -5))
-14
What is -5 - (4 - (12 - 4 - 5))?
-6
What is the value of 5 + (-4 - (-3 + 5)) + 3 + -10?
-8
Evaluate 71 - 56 - ((-20 - -17) + 1 + -2).
19
-1 + -1 + 4 + 7 + 1 + 15
25
-2 - (-13 - (-4 - -9)) - (1 - 3)
18
-8 + 20 + -7 - 12
-7
What is the value of (565 - 525) + -12 + -2?
26
15 - 7 - 2 - (-7 - 4)
17
What is the value of (8 - (42 - 13)) + (12 - 2) + -2?
-13
What is the value of 32 + ((-17 - -24) + 2 + 1 - 17)?
25
-3 + (0 - (-6 + -2)) + -7 + -15
-17
What is (8 - -5) + -16 + 5?
2
Evaluate 24 + -34 + 26 - 39.
-23
-11 + (13 - 12) - -29
19
What is the value of 1 + (9 - 20) + 18 + -4?
4
What is the value of -16 + 67 + -31 - (15 + -1)?
6
What is the value of -22 + (-5 - -14) + (-1 - 8)?
-22
Evaluate 6 - (3 - 5 - -3) - 11.
-6
What is the value of 17 - (-10 + (-10 - -28)) - -5?
14
39 + (-20 - 26) - 18
-25
Evaluate 29 + (-2 - 13) - (0 - (-2 - 4)).
8
-17 - (-5 + 11 - -1 - 11)
-13
Calculate (-8 - -1) + (12 - 22) + 22.
5
0 + -8 + (-5 - 0 - -7)
-6
-4 + 2 + 0 + 1 + 6 + -1
4
What is (-46 + 50 - (7 - 0)) + -27?
-30
-5 - ((11 - 24) + 29)
-21
-11 + 4 + -2 - (-38 - -15)
14
2 + 0 - (14 - (-20 + 32 + -4))
-4
Calculate -10 + -16 + (5 - 0) + 7.
-14
What is 13 + (14 - (-18 + 49))?
-4
What is 141 - 118 - (9 + 1)?
13
11 + 0 - 10 - (2 - -7)
-8
1 + (-12 - (8 - 24)) + -18
-13
Calculate -1 + 16 - (6 + -1).
10
Evaluate -3 + (6 - (3 + -7 - -4)).
3
What is -13 - (-7 + -11) - (-4 + 3 - 2)?
8
Calculate (-13 - -1) + 10 + -9 - (27 - -1).
-39
What is -12 + 9 + -7 + 8 + 37?
35
(-21 - (-1 + 3)) + (-15 - -42 - 19)
-15
What is -1 + -8 + (380 - 405) - (-9 + 3)?
-28
Evaluate 7 + -2 + 1 + -1 + -44 + 33.
-6
Calculate (21 - 15) + (8 - 14).
0
Evaluate 37 + -38 + (65 - 28).
36
(31 - (19 + -13)) + (-2 - 5)
18
What is the value of 2 - (71 + -80 + -1 + 2)?
10
What is -4 + 2 + 2 + (6 - -1 - 11)?
-4
What is the value of 1 + 9 + (3 - 12) + -2 + 4?
3
Calculate -36 + 0 + 9 + 3 + 12 + -16.
-28
What is 6 + -5 + 2 + -31 + 2?
-26
Evaluate -31 + (1 - (-5 + 4)) + (-16 - -18).
-27
What is the value of -5 - ((1 - ((0 - 1) + 5)) + 4)?
-6
(33 - 33) + -24 + -1 + (4 - 3)
-24
Calculate 26 + -28 + 8 + -15.
-9
What is (41 - 11) + -44 + 5?
-9
What is the value of -14 + (-2 + 3 - 7 - -3)?
-17
What is -6 + 2 + -5 + 2 + (-17 - -13)?
-11
Calculate -3 + -18 - -8 - -14.
1
(0 - -1 - 0) + 1 - (122 + -125)
5
Evaluate -11 - ((-2 + 5 - 0) + -8).
-6
(-45 - -24 - -11) + (-4 - -10)
-4
Evaluate 37 + 7 + -19 - 14.
11
What is the value of -79 + 101 + (-22 - -3)?
3
((-9 + 6 - -3) + -6 - -2) + -2
-6
-1 + 15 + -16 + 10 + (20 - 2)
26
Calculate 12 + 28 + -25 + -38.
-23
Calculate -19 - (-4 - -1) - (-297 + 266).
15
What is the value of 0 + -67 + 73 + -2 + -8?
-4
11 + -13 + (18 - 19)
-3
(6 - -5) + (-9 - 3)
-1
What is the value of 1 + (13 - -3 - (101 - 70))?
-14
Evaluate -3 - ((-21 - -1) + 4 + -8).
21
What is the value of 35 - (31 + (-42 - -27))?
19
Evaluate (12 + 6 + -14 - (2 - 3)) + -3.
2
Calculate -203 + 192 + (1 - (-1 - 17)).
8
Evaluate (1 + 5 - 14) + 4 + -16.
-20
Evaluate 44 - (15 + (4 - (1 - -11))).
37
Evaluate 37 + (-67 - -18) + 29.
17
13 - (24 + (-23 - -12) + 21)
-21
What is the value of (448 - 442) + (-1 - 20)?
-15
Calculate -7 - 0 - (9 + -10 + 1 + 7).
-14
What is -13 - (1 - 22) - (6 - 0)?
2
Calculate (778 - 787) + (1 - -32 - -1) - 2.
23
1 + -6 - (-9 + (15 - (17 - 10)))
-4
What is the value of -1 + 9 + -4 + 26 + -13 - -10?
27
Calculate 3 + -5 - -19 - (5 + 4).
8
Calculate (-19 - -13 - (-6 - 0)) + 3.
3
Evaluate (-6 - (11 - 17)) + (-21 - (1 + -3)).
-19
Evaluate (-3 - -3) + -2 - (3 - -18).
-23
Calculate -20 - -33 - (19 - 4).
-2
Evaluate 4 - (-3 - (-17 + 10 - 3)).
-3
Calculate (10 - (-19 - -19)) + -3.
7
What is (28 - 42) + (-11 + -6 - -10)?
-21
Evaluate (9 - 7) + (19 - 8).
13
What is the value of (-1 - (-5 + -3) - 1) + -23 + 8?
-9
What is the value of 14 - ((15 + -15 - 7) + 36)?
-15
Calculate (26 - 2) + (-14 + 10 - -3).
23
What is -81 + 3 - -69 - (3 + 0 + -2)?
-10
Evaluate -27 + (-10 - (-55 + 11)).
7
Calculate -7 + (3 - -13) + -13 + (-4 - -9).
1
7 - -3 - (-27 + 29) - 23
-15
What is the value of 36 - (-1 + 19 - 16)?
34
Evaluate (3 - 10) + 8 - (-6 - 0).
7
Evaluate (1 - -1) + (-7 - -32) + -27 + 8.
8
Evaluate 1 + (15 - 12) - (-1 - (3 + -15)).
-7
Evaluate 6 - -2 - (-27 + 33 - -4).
-2
What is 4 + (-2 - 12 - 9) + -1 + 5?
-15
4 + -8 + -2 + 0 + 1 - -17
12
What is the value of (136 - 139) + 16 + -1?
12
Calculate (19 - 12) + -9 + -11.
-13
Evaluate -41 + (9 - (-13 + 16)).
-35
Evaluate 1 - -18 - (1 + (10 - (-1 + 7))).
14
1 + 6 + -92 + 71
-14
1 + -17 + (14 - -5)
3
-18 + (-10 - (-21 - -9) - (-6 + 1))
-11
Calculate 10 + -3 + 9 + -13.
3
Evaluate (17 + -16 - 0) + -1.
0
Calculate -15 + 2 - (-2 - -1).
-12
Calculate 0 + -15 - (-6 - (1 - -9 - 12)).
-11
Evaluate 33 + -100 + 11 + 20.
-36
Calculate (13 - (6 - (6 - 14))) + 12.
11
What is the value of 79 + -57 - (24 + 11)?
-13
Calculate -8 - (7 - (3 + -13 + 25)).
0
What is 0 + 2 + (9 - 14) + (27 - -3)?
27
Evaluate 25 + -3 + 8 - 28.
2
What is the value of 15 + -2 + -16 + 1?
-2
(-8 - (17 + -12)) + 24
11
What is the value of (24 - (-31 - -33)) + -21?
1
(1 - (46 + -35)) + (-2 - (-3 + -1))
-8
Evaluate 3 - (1 + -11) - 20.
-7
Evaluate -5 + (3 + 2 - 8) + 7 - 30.
-31
What is the value of 0 - (8 + -10 + (8 - 9))?
3
What is the value of (511 - 502) + (-12 + -1 - -3)?
-1
(1 - 8) + (10 - (8 - 16))
11
What is (-1 - 0) + (-1 + -3 - (-48 + 55))?
-12
Evaluate -2 - -15 - ((-17 - -2) + 18).
10
What is the value of -8 - -27 - (41 + -19)?
-3
Evaluate (33 - (-10 + 28)) + -17.
-2
4 + 1 + 4 + 0
9
Evaluate (-6 - (-9 + 4 + 2)) + -3.
-6
Evaluate 13 - -2 - (8 - (6 + 0)).
13
Calculate 4 + 18 + (-10 - 16).
-4
What is the value of -27 + 13 + (1 - -1) + (20 - 23)?
-15
Evaluate -11 - -60 - (76 - 55).
28
What is the value of (-13 + 24 + 1 - 26) + 7?
-7
Evaluate -4 - -17 - (0 + 8) - 5 - -17.
17
What is the value of 0 - (-1 + (0 - 30) - (-5 - 7))?
19
-8 - (-44 - (-36 